vided by p?
1
Suppose 3*f + 2*c = 8 + 19, -c = f - 9. What is the remainder when 34 is divided by f?
7
Let i be (2/4)/(1/(-158)). Let y = 40 + -31. What is the remainder when i/(-3) + 3/(-9) is divided by y?
8
Suppose -267 = -3*q + 42. Suppose -p + 6*p - q = 3*n, -3*p = n - 73. What is the remainder when p is divided by 6?
5
Suppose 0 = 4*d - l - 37, 0*d + d - 4*l = -2. Calculate the remainder when 58 is divided by d.
8
Suppose -24 - 10 = -2*t. Calculate the remainder when t is divided by 6.
5
Suppose -2*d + 18 = 4*y, -4*d + y + 15 + 12 = 0. Suppose b - 6*h + 2*h - 3 = 0, -3*b + 37 = -5*h. What is the remainder when b is divided by d?
5
Let q(p) = p**2 - 10*p - 10. Calculate the remainder when 27 is divided by q(12).
13
Calculate the remainder when 1*(2/(-1) - -33) is divided by 0*2/(-8) - -11.
9
Let t = 150 + -85. Calculate the remainder when t is divided by 17.
14
Suppose 4*t = 5*n - 76, 7 = n + 4*t - 13. Calculate the remainder when 4/(-8) - 381/(-6) is divided by n.
15
Suppose 0 = -6*o + 3*o + 126. Calculate the remainder when o is divided by 14.
0
Let r = -7 + 4. What is the remainder when (35/(-2))/(r/6) is divided by 12?
11
Let d(v) = -2*v**3 - 3*v**2 - 3*v - 3. What is the remainder when 11 is divided by d(-2)?
4
Suppose 5*l = -9 - 6. Calculate the remainder when 7 is divided by 5*(l - -1)/(-2).
2
Let u(o) = -2*o**3 + 10*o**2 + 13*o + 2. Let a(m) = m**3 - 10*m**2 - 12*m - 1. Let h(t) = 3*a(t) + 2*u(t). Calculate the remainder when 29 is divided by h(-9).
9
Let m be (-4)/(-12) + 11/3. Suppose 0 = 2*c + 5*z - 38, 6*c - 3*c - m*z - 34 = 0. What is the remainder when c is divided by 5?
4
Let u(n) be the third derivative of n**5/15 - n**4/6 + 3*n**2. Calculate the remainder when u(-3) is divided by 17.
14
Let z be ((-16)/(-28))/((-6)/(-21)). Suppose 3*l - z*l = 9. Suppose 0 = -2*t + 5 + 5. Calculate the remainder when l is divided by t.
4
Let g be (16/10 - 2)*-5. Suppose -d + 4*n = 3*n, -4*n = -5*d + g. Suppose 13 = -d*f + 81. What is the remainder when f is divided by 18?
16
Let u(r) be the third derivative of r**6/120 + r**5/5 + r**4/3 - 7*r**3/6 - 2*r**2. Calculate the remainder when u(-11) is divided by 1/(-4) - (-57)/4.
12
Let r = -33 - -44. What is the remainder when 27 is divided by r?
5
Let i(l) = 10*l - 11. Let d be i(9). Let p = d - 45. What is the remainder when p is divided by 12?
10
Let l = -88 + 128. Calculate the remainder when l is divided by 11.
7
Let w(i) be the second derivative of i**3/6 + 9*i**2 - 2*i. Let l be w(0). Suppose -4*f = -58 + l. What is the remainder when 19 is divided by f?
9
Suppose i = -i + 114. Suppose 0 = -5*d - 2*w + 79, -d - d + 3*w + 24 = 0. What is the remainder when i is divided by d?
12
Let q(x) = x**2 - 2*x - 6. What is the remainder when 25 is divided by q(5)?
7
Let s = -51 + 80. What is the remainder when s is divided by 9?
2
Let b(d) = 25*d**3 - d**2 - d + 1. Let z be b(1). Suppose 128 = 2*p - 0*p. Calculate the remainder when p is divided by (-4 - (-5 - -3)) + z.
20
Let x(b) = -19*b + 1. Let j be x(4). Let z be j/3 - (-6)/(-3). What is the remainder when z/(-5) + 2/(-5) is divided by 3?
2
Suppose -13 = 5*s - 118. What is the remainder when 39/(-3)*(-9)/3 is divided by s?
18
Suppose -5*t + 3*t + 5*r = -45, -4*t + 30 = 2*r. What is the remainder when 19 is divided by t?
9
Let n be (-2)/9 - (-87)/27. Let i(g) = -4*g + 0*g - 1 + 19*g**2 + n*g. Calculate the remainder when 56 is divided by i(-1).
18
Let b = 1 - 7. Let u = -12 - -25. Calculate the remainder when 2*(1 + (-105)/b) is divided by u.
11
Suppose -5 = -5*h, -3*l - h = -5*l + 117. Suppose -93 = -4*g + g. Let z = -11 + g. What is the remainder when l is divided by z?
19
Let a(q) = q**3 + 6*q**2 + 3*q - 2. Suppose 0 = b - 2*p + 30, -b - p - 46 = p. Let m = 68 + b. What is the remainder when m is divided by a(-3)?
14
Let z(k) = 3*k**2 - k + 1. Let f = 11 + -17. Let t be z(f). Suppose 0 = -3*r + 8*r - t. Calculate the remainder when 44 is divided by r.
21
Suppose 0 = 8*u - 477 - 283. What is the remainder when u is divided by 12?
11
Suppose -2*d = 4, 3*j - 3*d = -0*j + 15. Let n = 1 + 4. Calculate the remainder when n is divided by j.
2
Let k = 54 - 40. What is the remainder when 25 is divided by k?
11
Let p = -18 - -25. Let c(j) = -j + 10. What is the remainder when p is divided by c(5)?
2
Suppose 3 = j - 2. Calculate the remainder when 13 is divided by j.
3
Let x = -36 + 59. Calculate the remainder when 85 is divided by x.
16
Let n(t) = -t - 1. Let m be n(5). Let d(c) = 8*c - 6. Let p(r) = -3*r + 2. Let j(w) = m*d(w) - 17*p(w). Calculate the remainder when 41 is divided by j(4).
13
Suppose 10*b = 89 + 531. Calculate the remainder when b is divided by 22.
18
Let l(k) = -3*k + 6. What is the remainder when l(-3) is divided by 8?
7
Let c(d) = 25*d**3 + d**2 - 2*d + 1. What is the remainder when c(1) is divided by 7?
4
What is the remainder when 1/(-2) + (-531)/(-18) is divided by 15?
14
Let n be (6/(-8))/((-6)/40). Suppose 9 + 26 = n*q. Calculate the remainder when 24 is divided by q.
3
Let p(o) = -37*o**3 - o**2 + 1. What is the remainder when p(-1) is divided by 10?
7
What is the remainder when (-3)/(2 + -1) - (-1629)/9 is divided by 30?
28
Let f = -120 - -210. Let h = -37 + f. Let k = 77 - h. Calculate the remainder when k is divided by 13.
11
Suppose 4 = -2*r + 4*r. Let n = -9 - -15. What is the remainder when n/3 + 1*2 is divided by r?
0
Let w(a) = -8*a + 15. Let y(r) = -r. Let q(k) = -w(k) + 6*y(k). Calculate the remainder when q(10) is divided by 5.
0
Let p be (16/10)/((-4)/(-70)). Suppose -p = -2*m - 0*m + l, 2*m - 28 = -4*l. Calculate the remainder when m is divided by (-14)/(-3) - 7/(-21).
4
Let z = -78 + 216. Calculate the remainder when z is divided by 35.
33
Calculate the remainder when 65 is divided by (3 + 1 - 3) + 21.
21
Let l = -8 + 24. Calculate the remainder when 27 - 6/2*2/(-6) is divided by l.
12
Suppose -3*n + 9 = -3*k, 17 = -n - 5*k + 2. Suppose 2*g = -n*g + 36. Calculate the remainder when 51 is divided by g.
15
Suppose -w - 336 = -9*w. What is the remainder when w is divided by 9?
6
Suppose 0 = 5*q + 5*a - 125, -6*q + q + 126 = 4*a. Suppose -102 = -4*m + q. Calculate the remainder when m is divided by 11.
10
Calculate the remainder when 70 is divided by (3/6*-19)/((-5)/10).
13
Let r(k) = -3*k**2 - k. Let z be r(-2). Calculate the remainder when (-122)/(-6) - (-1)/(-3) is divided by ((-14)/z)/((-1)/(-5)).
6
Let o(v) = v**3 - 4*v**2 + 2*v. Suppose -t - 12 = -4*t. Calculate the remainder when 15 is divided by o(t).
7
Let l = 20 - 9. Calculate the remainder when 26 is divided by l.
4
Let c(x) = x**2 + 4*x + 3. What is the remainder when 21 is divided by c(-5)?
5
Suppose -7*z + 318 = -z. Calculate the remainder when 156 is divided by z.
50
Suppose -2*s = -5*l + 38, -2*l + 4*s + 4 = -4*l. What is the remainder when (84/(-15))/(l/(-45)) is divided by 15?
12
Suppose -9*y + 8*y + 84 = 0. Calculate the remainder when y is divided by 43.
41
Let w = 95 + -90. Calculate the remainder when w is divided by 3.
2
Let h(y) = 0*y**2 - y**2 + 0*y**2 - 1 - 3*y. Let v be 31 + -30 + 2/((-4)/6). What is the remainder when 2 is divided by h(v)?
0
Let j be (-3)/(1/(2/3)). Calculate the remainder when 0*j/6 - -30 is divided by 8.
6
Let v = -123 - -66. Let m = v - -85. What is the remainder when m is divided by 10?
8
Suppose 65 = b + f, -3*b + 215 - 34 = -4*f. What is the remainder when b is divided by 13?
11
Let l = 0 + 2. Suppose 42 = -0*b + 2*b + l*y, 30 = 2*b - y. What is the remainder when 48*2*2/6 is divided by b?
15
Let j = 960 - 575. Suppose -2*g + j = 3*g. Suppose 0*l = -4*d - l + g, -5*d - l + 95 = 0. Calculate the remainder when 53 is divided by d.
17
Let h(n) = -n**3 - 3*n**2 - 2*n + 2. Let w(y) = -y**2 - 6*y + 1. Let r be (-22)/5 + (-4)/(-10). What is the remainder when h(-4) is divided by w(r)?
8
Let d = 0 - -9. Suppose 4*y = 3 + d. What is the remainder when 6 is divided by y?
0
Let o = 72 + -51. Calculate the remainder when (-6)/(-18) + 232/6 is divided by o.
18
Let v be 1 + (-7 - (-4 + 3)). Let a(p) = 2*p**2 + 2*p - 4. Suppose m - 38 = -3*q, 2*m - 34 = 5*q - 101. What is the remainder when a(v) is divided by q?
10
Let q(d) = 5*d. Let r be 0/(-2 + 5) + 1. What is the remainder when 13 is divided by q(r)?
3
Suppose 2*l + 104 = 